**3 + 4*y**2 + y - 2. Give c(-3).
-23
Let f(p) = p**2 - 47*p + 93. Calculate f(2).
3
Let j(x) = x**3 - 5*x**2 - 91*x + 86. What is j(12)?
2
Let r(h) = -h**3 + 4*h**2 + 7*h + 4. What is r(6)?
-26
Let o(p) = p**3 + 2*p**2. What is o(-2)?
0
Let t(n) = 8*n + 77. What is t(-10)?
-3
Let r(j) = j**3 + 10*j**2 - 3*j - 8. Give r(-9).
100
Let q(l) = l**2 - 4*l + 1. Calculate q(3).
-2
Let l(z) = z + 10. What is l(-6)?
4
Let j(n) = -n + 1. What is j(10)?
-9
Let y(o) = -o**3 + 9*o**2 - o + 3. Give y(5).
98
Let r(v) = v**3 + 10*v**2 - 8*v + 17. Give r(-11).
-16
Let y(u) = u**2 - u - 3. Determine y(-5).
27
Let b(j) = 2*j**3 + 7*j**2 - 9*j + 1. Give b(-4).
21
Let l(a) = 2*a**3 + 10*a**2 + a + 10. Determine l(-5).
5
Let c(k) = k**3 - 27*k**2 - k + 19. What is c(27)?
-8
Let n(u) = -19*u - 14. Determine n(-4).
62
Let p(d) = -d**2 - 7*d + 4. What is p(-9)?
-14
Let v(o) = -o**3 + 3*o**2 - o + 11. Give v(4).
-9
Let o(q) = -16*q + 374. Calculate o(23).
6
Let i(b) = b**2 - 8*b + 26. What is i(11)?
59
Let p(z) = z + 17. Give p(-12).
5
Let d(n) = 2*n + 80. Give d(-43).
-6
Let o(g) = 2*g**3 - g**2 + 2*g + 4. What is o(-2)?
-20
Let c(v) = -v**3 + 9*v**2 + 12*v - 14. Give c(10).
6
Let o(f) = f**3 - 18*f**2 - 18*f - 19. Calculate o(19).
0
Let k(y) = 2*y**2 + 20*y + 5. Determine k(-10).
5
Let a(f) = -f**2 - 11*f + 721. Calculate a(-33).
-5
Let h(m) = -9*m - 6. What is h(-4)?
30
Let w(s) = 3*s**2 - 25*s - 16. Give w(9).
2
Let v(r) = -r**3 - 6*r**2 - 3*r - 11. What is v(-6)?
7
Let w(x) = -x**3 - 15*x**2 - 16*x - 25. Determine w(-14).
3
Let v(j) = -11*j - 88. Determine v(-8).
0
Let v(w) = 65*w + 49. What is v(-3)?
-146
Let d(m) = -m**3 - 6*m**2 + 23*m + 3. Calculate d(-8).
-53
Let w(d) = d**3 + 7*d**2 + 5*d + 1. Calculate w(-4).
29
Let w(p) = 19*p + 80. Give w(-4).
4
Let z(x) = -17*x + 242. Calculate z(14).
4
Let o(j) = -j**2 - 24*j + 49. What is o(-26)?
-3
Let n(q) = 43*q**3 + 5. Give n(0).
5
Let x(h) = -h**2 + h + 7. Determine x(9).
-65
Let r(l) = l**2 + l - 7. What is r(-5)?
13
Let w(i) = 10*i + 4. Calculate w(-2).
-16
Let k(d) = -d**3 + 20*d**2 - 33*d - 46. Give k(18).
8
Let i(k) = -k**3 + 2*k**2 + 6*k - 2. Determine i(0).
-2
Let m(t) = -t**3 + 5*t**2 + 15*t - 25. Calculate m(7).
-18
Let v(l) = -l**2 + 18*l - 11. What is v(15)?
34
Let v(c) = -3*c**2 + 5*c + 2. Determine v(1).
4
Let r(x) = -5*x**2 - 2*x - 2. Calculate r(-1).
-5
Let a(b) = -b**2 + 26*b + 264. Determine a(-8).
-8
Let w(s) = s**3 + 15*s**2 - 16*s + 1. What is w(-16)?
1
Let d(m) = -m**3 + 8*m**2 - 8*m - 3. Calculate d(7).
-10
Let r(a) = -16*a + 4. Calculate r(-3).
52
Let d(x) = -2*x + 18. What is d(0)?
18
Let s(p) = p**3 - 5*p**2 + 9*p - 21. Calculate s(4).
-1
Let f(u) = -u + 44. Give f(14).
30
Let m(p) = 3*p**2 - 8*p - 6. Determine m(4).
10
Let v(r) = r - 3. What is v(-3)?
-6
Let i(z) = -z**3 - 7*z**2 - 7*z - 14. Give i(-6).
-8
Let p(x) = -9*x**3 - 3*x + 5. Determine p(1).
-7
Let y(t) = -2*t**3 - t**2 - 4*t - 4. Determine y(-1).
1
Let g(d) = d**3 + 9*d**2 - 5. Give g(-9).
-5
Let a(r) = -7*r**2 + 5. Determine a(4).
-107
Let q(u) = -45*u**2 - 3*u + 9. What is q(2)?
-177
Let u(h) = -5*h - 26. Give u(-4).
-6
Let u(m) = -m**3 + 32*m**2 + 32*m + 49. What is u(33)?
16
Let c(r) = -30*r + 4. Give c(-3).
94
Let m(o) = 3*o - 21. Calculate m(2).
-15
Let y(a) = -a**3 - 4*a**2 - a + 9. Calculate y(-2).
3
Let x(h) = -22*h - 1188. What is x(-54)?
0
Let c(a) = a**2 + 4*a - 7. Calculate c(-5).
-2
Let o(z) = 94*z + 3. What is o(-1)?
-91
Let a(u) = 2*u**2. Determine a(1).
2
Let g(x) = x**2 - x - 10. Give g(5).
10
Let o(m) = -m**2 - m - 14. Give o(0).
-14
Let y(m) = m**3 + m**2 - 2*m - 14. What is y(0)?
-14
Let b(u) = -u**2 + 10*u - 26. Determine b(3).
-5
Let g(v) = 2*v**3 - 7*v**2 + 8*v - 8. Calculate g(4).
40
Let q(j) = j - 8. What is q(8)?
0
Let k(h) = -h**2 - 13*h + 16. Determine k(-14).
2
Let d(l) = l - 5. What is d(11)?
6
Let o(m) = -m**2 + 19*m + 7. Determine o(20).
-13
Let u(h) = -5*h + 12. What is u(-16)?
92
Let u(p) = p**2 - 8*p - 32. Give u(-3).
1
Let p(c) = c**2 + 6*c - 7. What is p(-6)?
-7
Let g(y) = y + 13. Determine g(-4).
9
Let w(o) = o**2 - 6*o - 7. Calculate w(4).
-15
Let n(r) = -r**2 + 27*r + 155. What is n(32)?
-5
Let b(g) = 4*g - 6. Determine b(-11).
-50
Let c(a) = 7*a + 1. Calculate c(-1).
-6
Let x(l) = -8*l + 1. Determine x(-2).
17
Let r(o) = 25*o + 93. Give r(-4).
-7
Let k(z) = z**3 - 27*z**2 + 23*z + 99. Calculate k(26).
21
Let r(t) = t**3 - 8*t**2 + t + 3. Give r(8).
11
Let p(r) = r**2 + 22*r + 28. Give p(-21).
7
Let p(i) = -2*i**2 - 22*i - 28. Give p(-9).
8
Let c(o) = -o**3 + 6*o**2 + 6. Determine c(6).
6
Let a(g) = g**3 + 8*g**2 + 5*g - 6. Give a(-7).
8
Let k(b) = -b**3 + b**2 + 3*b + 3. Determine k(-2).
9
Let n(l) = l**2 + 10*l + 12. Calculate n(-9).
3
Let i(b) = b**2 - 10*b. Give i(10).
0
Let t(f) = f**3 - 5*f**2 - 5*f - 7. Determine t(6).
-1
Let j(h) = -6*h + 60. Determine j(10).
0
Let d(x) = -2*x**3 + 5*x**2 - 3*x + 4. Calculate d(3).
-14
Let d(h) = 8*h**3 + 4*h**2 - 10*h + 7. Determine d(1).
9
Let n(s) = 28*s + 212. Determine n(-6).
44
Let g(z) = -3*z + 12. Calculate g(14).
-30
Let v(h) = 17*h - 5. Calculate v(1).
12
Let w(x) = -x**3 + 23*x**2 + 3*x - 62. Calculate w(23).
7
Let c(p) = p + 6. Give c(7).
13
Let v(p) = p**3 - 6*p**2 + 2*p - 7. What is v(6)?
5
Let u(l) = 74*l**3 - l**2 + l - 1. Determine u(1).
73
Let v(m) = -m**3 + 3*m**2 + 35*m - 19. Determine v(8).
-59
Let b(h) = -h**3 - 4*h**2 + 5*h + 20. What is b(-4)?
0
Let m(p) = -p**2 - 16*p + 14. Give m(-17).
-3
Let q(v) = -v**3 - 4*v**2 - v + 3. What is q(-3)?
-3
Let i(s) = -2*s - 3. Give i(6).
-15
Let s(h) = 2*h**2 + 4*h - 12. Determine s(-7).
58
Let b(x) = 2*x**2 - 4*x - 10. Calculate b(5).
20
Let a(p) = 11*p + 11. Give a(-1).
0
Let o(j) = j**3 - 11*j**2 + 8*j + 14. Determine o(10).
-6
Let t(s) = s**3 + 6*s**2 + 6*s - 1. Give t(-4).
7
Let z(a) = a**2 + 2*a - 5. Determine z(-5).
10
Let g(k) = -k**3 + 46*k**2 - 2*k + 110. What is g(46)?
18
Let q(s) = 7*s - 1. Give q(-4).
-29
Let n(h) = 3*h + 23. Give n(-6).
5
Let a(r) = -r**3 - 10*r**2 - 11*r - 2. Calculate a(-6).
-80
Let r(u) = -9*u - 56. Determine r(-6).
-2
Let k(u) = 2*u**3 - 11*u**2 + 32*u + 1. Calculate k(3).
52
Let y(v) = 2*v**2 + 2*v + 5. Calculate y(-3).
17
Let l(x) = -x**2 + 5*x + 1. Give l(5).
1
Let z(x) = 10*x**2 + 2*x + 3. Determine z(-2).
39
Let m(f) = -f - 28. Give m(-34).
6
Let v(r) = 11*r**2 + 5*r + 3. Calculate v(-1).
9
Let r(f) = 3*f + 3. Determine r(3).
12
Let n(v) = -v**2 + 19*v - 12. Determine n(20).
-32
Let t(k) = -2*k**2 + 16*k - 15. Give t(8).
-15
Let s(k) = -k + 7. Calculate s(11).
-4
Let p(g) = g**2 - 5*g + 11. Calculate p(5).
11
Let k(y) = y**2 + 11*y + 6. What is k(-9)?
-12
Let j(f) = f**3 - 25*f**2 - 24*f - 45. Calculate j(26).
7
Let p(n) = -n**3 + 4*n**2 + 53*n - 206. What is p(4)?
6
Let s(a) = -a**2 - 17*a - 33. Determine s(-14).
9
Let h(x) = x**3 + 9*x**2 - 14*x + 3. What is h(-10)?
43
Let d(n) = -2*n**3 - n**2 + 116. Determine d(0).
116
Let d(k) = -k**3 - 9*k**2 - 16*k - 9. Determine d(-7).
5
Let d(x) = x**2 - 10*x + 21. Determine d(8).
5
Let v(j) = 4*j + 1. Give v(-1).
-3
Let x(r) = -r**3 + 20*r**2 + 24*r + 31. What is x(21)?
94
Let j(m) = -m**2 - 12*m - 12. Determine j(-10).
8
Let i(k) = -k**2 - 7*k - 7. What is i(-3)?
5
Let c(j) = j**3 - 2*j + 5. Give c(-3).
-16
Let w(o) = o**2 - 11*o + 28. Give w(9).
10
Let x(y) = -y**2 - 16*y - 16. What is x(-14)?
12
Let c(q) = 6*q**2 - 13*q - 14. What is c(-1)?
5
Let d(q) = -2*q + 18. What is d(6)?
6
Let w(o) = 3*o + 1. Give w(-5).
-14
Let w(f) = f**3 - 8*f**2 + f + 17. Give w(8).
25
Let p(y) = -y**2 - 14*y - 70. What is p(-5)?
-25
Let l(v) = -4*v**3 + 19*v**2 + 20*v. Determine l(-1).
3
Let j(b) = -3*b + 10. What is j(-2)?
16
Let t(h) = -5*h**2 - 2*h. Give t(1).
-7
Let z(f) = f**2 - 15*f + 45. Calculate z(5).
-5
Let h(d) = 5*d + 16. Determine h(-11).
-39
Let g(p) = -p**3 + p + 72. Give g(0).
72
Let s(f) = f**2 + 19*f - 4. Determine s(-19).
-4
Let h(x) = x**3 - 3*x**2 + x - 3. Calculate h(3).
0
Let y(s) = -2*s + 8. Determine y(-3).
14
Let c(z) = z**2 + 7*z + 8. Determine c(-6).
2
Let y(x) = 6*x - 2. Determine y(-1).
-8
Let c(r) = -2*r**3 + r**2 - 2*r + 3. Give c(2).
-13
Let z(q) = q**3 + 9*q**2 - 7*q - 53. Calculate z(-9).
10
Let s(h) = 5*h - 2. Determine s(1).
3
Let d(u) = u**2 - 6*u + 21. Determine d(6).
21
Let w(x)